 = 0. What is the remainder when m is divided by q?
16
Let b(w) be the first derivative of w**3/3 - 21*w**2/2 - 39*w - 2. Calculate the remainder when b(23) is divided by 5.
2
Suppose 5*l = -11*l + 3728. What is the remainder when l is divided by 31?
16
Suppose 3*s - 35 = 2*n, 2*n - 6*n + 20 = 0. Let k be (10/(-6))/5 + 1/3. What is the remainder when -2 + -1 - (-60 + k) is divided by s?
12
Let s be (-248)/(-16) - 6/(-4). Let i(a) = -a**2 + 18*a - 4. Calculate the remainder when 51 is divided by i(s).
12
Let r = 34 + -26. Let z(x) = x**3 - 6*x**2 - 15*x - 7. Let h be z(r). Let v(c) = 9*c - 2. What is the remainder when 13 is divided by v(h)?
6
Let j(n) = -15*n - 5. Let u(q) = -12*q - 3. Let m be u(-2). Let p = m - -7. What is the remainder when j(-4) is divided by p?
27
Let m = 21 - -17. Let v = 1 + m. What is the remainder when v is divided by 7?
4
Let o = -114 - -173. Suppose -4*x + o = 163. Let s = -5 - x. What is the remainder when 40 is divided by s?
19
Suppose -3*r + 4*h - 6 = -4, -5*h + 12 = r. Suppose 12 + 28 = 2*s + r*u, -5*s + 121 = -2*u. What is the remainder when s is divided by 6?
5
Let c = -57 + 69. Calculate the remainder when c is divided by 7.
5
Calculate the remainder when (-126 + -2)*1/(-2) is divided by 35.
29
Suppose 20*q - 19*q + 3*i - 139 = 0, q - 151 = i. Calculate the remainder when q is divided by 71.
6
Suppose 5*p + 17 = 67. Suppose -152 = -p*u - 62. What is the remainder when 51 is divided by u?
6
Let c = -121 + 63. Let p = c + 68. What is the remainder when 89 is divided by p?
9
Suppose 0 = -38*q - 19 + 513. Calculate the remainder when 3715 is divided by q.
10
Let l(d) = 3*d - 8. Let t be l(5). Let j(m) = m**3 - 7*m**2 + 7*m - 3. Let p = 1 + 23. Calculate the remainder when j(t) is divided by p.
22
Let q = -192 + 250. What is the remainder when q is divided by 23?
12
Suppose 0 = 29*b - 48 + 280. Let l(o) be the first derivative of -o**3/3 - 21*o**2/2 - 9*o + 1. Calculate the remainder when l(b) is divided by 24.
23
Let c = -358 + 427. Calculate the remainder when 277 is divided by c.
1
Suppose -j = 2*r - 2 - 5, 0 = j + 3*r - 4. Suppose 0*z + 3*z + 51 = 0. Let x = 25 + z. What is the remainder when j is divided by x?
5
Let n = 6 + 76. Suppose -46 = -3*d + y, 3*y = 5*d - 0*d - n. Suppose -2*q = r - 2*r + 42, r - 3*q = 43. What is the remainder when r is divided by d?
12
Let b = 213 - 77. Let g = -1 - 14. What is the remainder when 90 is divided by (-5)/g - b/(-6)?
21
Let v be (2/6)/((-5)/15). Let o be v/(-4) + (-1881)/(-44). Suppose 0 = 3*p - o - 53. Calculate the remainder when p is divided by 11.
10
Let d(z) = 29*z**2 - 4*z + 1. Let k be (-24)/11 + (-14)/(-77). What is the remainder when d(k) is divided by 32?
29
Let z = -8 - -97. Suppose -3*w - 2*l = -45, 4*w + 15 = 2*l + z. Calculate the remainder when 66 is divided by w.
15
Let u(l) = -2*l**2 - 44*l + 79. Calculate the remainder when u(-21) is divided by 32.
25
Let z be ((-14)/(-21))/(2/6). Suppose -n + 8*f = 3*f - 113, z*n + f - 226 = 0. Calculate the remainder when n is divided by 29.
26
Suppose -4*q + 280 = q. What is the remainder when q is divided by (37 - 1)/((-9)/(-6)) - (10 + -2)?
8
Let p = -1101 - -1118. Let a(s) = -s**3 - 3*s**2. Let b be a(-3). Let x(n) = -n + 49. Calculate the remainder when x(b) is divided by p.
15
What is the remainder when 248 is divided by (6 + -172)/(4 - 6)?
82
Let a(v) = -v**2 + v + 1. Let k(b) = 10*b**2 - b - 11. Let c(g) = 4*a(g) + k(g). What is the remainder when c(3) is divided by 29?
27
Let i(v) = -v**3 - 4*v**2 - 4*v + 1. Let r be i(-3). Suppose t + 2*a - 16 = 0, -t = t - r*a. Calculate the remainder when (t/(-10))/((-10)/50) is divided by 3.
1
Let d = -1221 + 1244. Calculate the remainder when (-45 - -1)*(-15)/10 is divided by d.
20
Suppose 8*o - 55 + 15 = 0. Suppose -o*t - 4*y + 393 = 0, 2*t + 2*y = 68 + 90. What is the remainder when t is divided by 16?
13
Suppose 0 = -39*b + 44*b - 80. Calculate the remainder when 270 is divided by b.
14
Suppose 0 = 3*x - 5 + 17. Let n be (0 + 18/x)*12. Let i = 81 + n. What is the remainder when 105 is divided by i?
24
What is the remainder when 1/(-5) + (-43992)/(-235) is divided by 28?
19
Suppose -5*x = -2*j - 2*j - 14, 0 = -2*x - 4*j. Calculate the remainder when 15/(-10)*(0/x + -8) is divided by 5.
2
Suppose 8*t - 110 = 66. Suppose 4*u - 215 = -u. Calculate the remainder when u is divided by t.
21
Suppose -11*h = 26*h - 1147. Calculate the remainder when 896 is divided by h.
28
Let u(q) = q**2 - 11*q + 33. What is the remainder when 88 is divided by u(8)?
7
Let a = -5 + 13. Suppose 4*r = v - 63, -47 = -v + r - 5*r. Suppose c - z + 3 = 2*z, -5*c = -z - v. What is the remainder when c is divided by a?
4
Suppose -3*m = -7*m + 80. Let q be ((-354)/(-15))/((-4)/m). Let l = -55 - q. Calculate the remainder when l is divided by 22.
19
Let b = 46 + -22. Suppose -22 = 7*j + 20. Calculate the remainder when 68 - j - (-4 - -8) is divided by b.
22
Suppose 13 + 132 = 5*h - 3*d, 4*h - 148 = -4*d. Calculate the remainder when 60 is divided by 1/(3 + (-94)/h)*1.
12
Let s(f) = -4*f - 4. Let m be s(-2). Suppose 0*d = v - d - 26, 34 = 2*v + m*d. What is the remainder when v is divided by ((-3)/(-4))/((-2)/(-32))?
11
Let f(u) = -3*u + 10. Let k(n) = -n - 1. Let s(p) = f(p) - 2*k(p). What is the remainder when s(2) is divided by 7?
3
Let k(f) = -f**3 - 7*f**2 - 10*f - 6. Let j be k(-6). What is the remainder when ((-9)/j)/(1/(-94)) is divided by 16?
15
Suppose -4*a + 3*o = 28, -12 = 4*a - 4*o + 5*o. Let z(m) = -3*m + 9. What is the remainder when z(a) is divided by 8?
5
Suppose -3*s + 17 = -22. Let q(f) = -3*f**3 + 3*f**2 + 2*f + 2. Let l be q(3). Let o = l + 95. Calculate the remainder when o is divided by s.
10
Suppose 15*s = 10*s - 80. Calculate the remainder when 29 is divided by (2 - (-152)/s)/((-2)/4).
14
What is the remainder when 565/9 + 21/(1701/18) is divided by 22?
19
Suppose -2029 = -21*a + 1625. Calculate the remainder when a is divided by 4.
2
What is the remainder when 3/6 + 1470/12 is divided by 25?
23
Calculate the remainder when (4/6*-22)/(220/(-1650)) is divided by 28.
26
Suppose i - 36 = -2*i. Let s = 130 + -110. What is the remainder when s is divided by i?
8
Let r = 14 - -6. Calculate the remainder when r is divided by 11.
9
Suppose -37*w + 11*w = -676. Suppose 385 = -0*x + 5*x. What is the remainder when x is divided by w?
25
Let k(z) = -2*z**3 + 25*z**2 - 10*z - 7. Suppose 41 = 4*b - 79. Calculate the remainder when b is divided by k(12).
13
Suppose 3*g + b + 0*b - 50 = 0, -4*g + 5*b + 92 = 0. What is the remainder when g is divided by -1 - (-2 + 4*-1)?
3
Suppose -h + 3 = 2*o - 2, -h - 4*o + 13 = 0. What is the remainder when 4 is divided by (h - -2)*1 - -4?
1
Suppose 2*p - 2*s - 450 = -2*p, 3*s + 105 = p. What is the remainder when p is divided by 5?
4
Let s(n) = -n**3 - 8*n**2 - 10*n - 6. Let r = -18 + 11. What is the remainder when 59 is divided by s(r)?
14
Suppose -r + 35 = 3*x, 124 = 5*r - x - 51. Suppose k + 3*i - r = -i, 4*i - 140 = -4*k. Calculate the remainder when k is divided by 19.
16
Suppose 129 = l + 49. Suppose -3*o + 2*o = -b - 25, 4*o - l = -b. Calculate the remainder when 103 is divided by o.
19
Let b = 144 - 109. Suppose 2*r - v = b, 0*v - v - 51 = -3*r. What is the remainder when 79*(-2 - -1)*-1 is divided by r?
15
Let y = 145 - 275. What is the remainder when (-6)/9 + y/(-6) is divided by 11?
10
Let n(k) = 2*k**2 - 7*k - 34. What is the remainder when 61/9 + 2/9 is divided by n(-3)?
2
Let l = 105 - -18. What is the remainder when l is divided by 23?
8
Suppose -5*w - 25 = 0, 180 = 5*u - 3*w - 0*w. Calculate the remainder when 161 is divided by u.
29
Suppose 9*g = 4*g, -2*h = 2*g - 10. Suppose 5*v - 5*j + 5 = 0, 4*v - 16 = -h*j + 7. Suppose v*a - 12 - 8 = 0. Calculate the remainder when 28 is divided by a.
8
Let x be (2 - 2) + 0/2. Suppose x = 13*z - 14*z + 25. Calculate the remainder when z is divided by 10.
5
Let q = -89 + 140. Let o = q - 33. What is the remainder when o is divided by 10?
8
Suppose 5*d - 25 = 0, 4*v + d - 4 - 25 = 0. Suppose o = v*o - 295. Let x(p) = 2*p**2 + 7*p. What is the remainder when o is divided by x(-6)?
29
Let r = 254 - -9. Let n = r - 176. Suppose -13 = u + 5*w - 6, 3*w = -u + 3. Calculate the remainder when n is divided by